0. Let v be n(43). Suppose -3*q + v = -731. What is the hundreds digit of q?
3
Suppose 0 = -3*m + 37913 + 60322. Suppose -8*b = -45*b + m. What is the hundreds digit of b?
8
Let m = 69 + -91. What is the units digit of ((-248)/12)/((m/(-30))/(-11))?
0
Let w = -12 + 23. What is the hundreds digit of 389 + w/22 + 9/(-2)?
3
Let g(h) be the first derivative of -h**3/3 - 6*h**2 + 12*h - 4. Let v be g(-13). What is the tens digit of v/5 + (-4110)/(-50)?
8
What is the thousands digit of (91964/(-10))/((-52)/220) + (-24)/(-156)?
8
What is the ten thousands digit of ((-78012)/(-55))/((-3)/(-50))?
2
What is the hundreds digit of -12 + 66/(-11) + 21460?
4
Let q = -38276 - -60465. What is the units digit of q?
9
Suppose 2*b - 6*b + 2*b = 0. Suppose b = -131*t + 122*t + 5049. What is the hundreds digit of t?
5
Let p be (-20)/(-12) + 3/9 - -245. Suppose p = -0*t + 3*t - 4*n, -t = -3*n - 89. Suppose -2*z + 195 = t. What is the units digit of z?
9
Let b = 21 + 27. Suppose -2*x - 72 = 3*p - x, 2*p - 4*x = -b. What is the units digit of (12/p)/(((-6)/(-404))/(-3))?
1
Suppose 0 = 4*t - 5*v + 57 - 274, 5*v + 5 = 0. Suppose 0 = 61*j - t*j - 2024. What is the units digit of j?
3
Let o = 1290 - -4058. What is the thousands digit of o?
5
Let t(o) = -2*o**2 - 15*o - 4. Let q be t(-7). Suppose -12 = -3*b - q*h + 9, 5*b + 3*h - 27 = 0. Suppose g = -b*g + 344. What is the tens digit of g?
8
Suppose 6088*j = 6042*j + 937940. What is the tens digit of j?
9
Suppose 3*i - 4*i + 17 = -3*v, v + 4*i = -10. What is the thousands digit of v/(-21) + 310/(-140)*-596?
1
Let w(q) = 26342*q**2 - 4*q - 3. What is the hundreds digit of w(1)?
3
Let m = 43743 - 30235. What is the thousands digit of m?
3
Let o be -2*19 - (-3)/((-30)/20). Let z = -38 - o. Suppose -5*h + 0*v + z*v + 1288 = 0, 3*h = -4*v + 752. What is the units digit of h?
6
Let d = -1453 + 4380. What is the thousands digit of d?
2
Suppose -222*k = -238*k + 59646 - 5806. What is the hundreds digit of k?
3
Let w(j) = -j**2 + j - 1. Let c(t) = -2*t**3 + 2*t**2 - 2*t + 1. Let p be -2*(-1 + -1)/(6/3). Let m(o) = p*w(o) + c(o). What is the units digit of m(-2)?
5
Let q be 6/(-15) - (-88)/20. Suppose -4*z + 2772 = q*m - z, -2*m - 4*z = -1376. What is the units digit of m?
6
Suppose 8*a - 10*a = 5*c - 1503, 2*a = c + 1521. What is the hundreds digit of a?
7
Suppose -9*a + 1991 - 605 = 0. Suppose 0 = -0*k - k + a. What is the hundreds digit of k?
1
Let h be 2/(-7) - (19 - (-1988)/(-98)). Let y be (1/3)/((-1)/3). What is the units digit of y/(1/(-4)*h)?
4
Let n be 168/9*-2*18/24. What is the tens digit of 2208/42 - n/(-49)?
5
Suppose -27*l - 6 = -30*l. Suppose 2172 - 418 = l*n. What is the hundreds digit of n?
8
Let b(a) = -37*a + 4. Let h be b(-7). Let v = 58 + h. What is the tens digit of v?
2
Suppose 3*v - 15345 = -5*a, -4*a = 39*v - 42*v + 15372. What is the hundreds digit of v?
1
What is the thousands digit of (-20)/3*11940/(-56)*63/18?
4
Suppose -19*n + 126455 = 10194. What is the thousands digit of n?
6
Suppose -5*a + 2*a = -21. Let g = a - -24. What is the units digit of g?
1
Suppose 0 = -29*c - 43788 + 131078. What is the units digit of c?
0
Suppose -u - 1 - 9 = -3*c, 0 = 2*c - 3*u - 2. Let h be 268/(c/2)*(0 - -1). Suppose -3*x + 5*j + 0*j + h = 0, -x - 5*j + 38 = 0. What is the units digit of x?
3
Let x(f) = -17*f - 43*f - 10*f + 0*f - 33. What is the hundreds digit of x(-8)?
5
Suppose 0 = b + 5*g - 32712, -8*b - 2*g = -9*b + 32656. What is the ten thousands digit of b?
3
Let m = -63 - -91. Suppose 2*f + 168 = -s - m, 0 = -2*f + s - 200. Let y = f - -139. What is the tens digit of y?
4
Let q(h) = 2*h + 39. Let w be q(-18). Let x(p) = w + 26*p - 66*p + 13 - p**2 + 26*p. What is the units digit of x(-11)?
9
Suppose -17*k - 87404 + 297167 = 0. What is the ten thousands digit of k?
1
Let g(s) = -2*s**3 - 9*s**2 + 14*s - 20. Let v be g(-6). Suppose y + 3*o = 452, v*y - 1830 = -4*o - 30. What is the units digit of y?
9
Let o(a) = 24*a**2 + 2*a - 1. Let k be o(1). Let s = k - 29. What is the units digit of (-6)/s - (-27)/6?
6
Let o = -658 + 174. Let a = o + 1013. What is the hundreds digit of a?
5
Let z = 9899 + -2681. What is the units digit of z?
8
Let a = 38095 + -26300. What is the ten thousands digit of a?
1
Suppose 6046 + 435626 = 28*n - 4*n. What is the units digit of n?
3
Suppose 1968 + 3329 = -22*j + 59593. What is the units digit of j?
8
Suppose -f - 4*f + 3*m + 314 = 0, 2*f - 136 = -4*m. Suppose 6*g = -f + 10. What is the tens digit of ((-21)/g)/(1/39)?
9
Suppose -4*u + 180 = -5*m, -2*m + m - 36 = -3*u. What is the units digit of (m/27)/((-3)/981)?
6
Let c(u) = -1385*u - 144. What is the thousands digit of c(-3)?
4
What is the thousands digit of ((-16)/18)/((-16)/144) - -2657?
2
What is the units digit of ((-100080)/108)/(1 + (1 - 44/21))?
0
Let g = 0 - -2. Suppose 68*h - 1730 = 58*h. Suppose -3*b = -g*w - h, -b - 2*w = 3*w - 52. What is the tens digit of b?
5
Suppose 2*y = -3*u + 23, 3*y - u = 24 + 5. Suppose -y*q + 1002 = 242. What is the units digit of q?
6
Let o(z) be the third derivative of -7*z**5/30 + z**4/24 - 14*z**2. Let d be o(2). Let u = d - -189. What is the hundreds digit of u?
1
Suppose -17*r = -22*r - 2*g + 17330, 0 = 3*r + 4*g - 10398. What is the units digit of r?
6
Let z(i) = -4*i**2 - 151*i + 25. Let s(x) = -x**2 + 3*x + 4. Let n be s(-5). What is the tens digit of z(n)?
7
Suppose 6 = -3*i, 3*j + 27*i - 26*i = 101953. What is the thousands digit of j?
3
Let i = 107 + -102. Suppose -4*g = i*g - 4923. What is the hundreds digit of g?
5
Let d = -692 - -629. Let w = 23 - d. What is the units digit of w?
6
Suppose -26*k + 51 + 27 = 0. Suppose -k*l + 2*a = -1494 - 962, -2*l + 3*a = -1629. What is the units digit of l?
2
Let s(r) = 4*r**3 - 18*r**2 + 57*r - 902. What is the units digit of s(13)?
5
What is the hundreds digit of 45/3*(-1)/(-3)*560112/140?
0
Let r be (-11)/(55/410)*4/8. Suppose 0*q = 4*q + 16. What is the units digit of r/2*(-2 - (q - -4))?
1
Let l(j) = -279*j - 322. What is the thousands digit of l(-35)?
9
Let g = 135 - 153. What is the tens digit of (-7908)/(-30) + g/30?
6
Suppose -3*t + k + 2 = -36, t - 18 = -k. Suppose -t*q - 36*q = -11900. What is the tens digit of q?
3
Suppose -5*r - 10 = 5*s + 5, 5 = 5*r + s. Suppose r*z - 84 = -4*v + 116, 3*z + 4*v - 296 = 0. Suppose t - 4*t = -z. What is the units digit of t?
2
Let r be (2*5)/(21 - 19). Suppose -5 = -r*h, 3*m + 4*h + 0*h = 757. Let u = 359 - m. What is the tens digit of u?
0
Let o be (18/(-12))/((-1)/(-4)*-3). Suppose -o*a - 4*w + 3664 = 0, -2159 = -a - w - 322. What is the tens digit of a?
4
Let j = 2073 - 1876. What is the tens digit of j?
9
Suppose -18*m + 5059 = -3941. Suppose m = -288*b + 290*b. What is the tens digit of b?
5
Suppose -3*o = -3*l - 24, -o - 1 = 4*l - 2*l. Let h be (-4)/1 + l + 95. What is the units digit of -4 - (0 - (h - 3))?
1
Let q(j) = 8*j**2 + 9*j + 3. Let u = 70 - 66. Let t be q(u). What is the units digit of (-3 - -1) + t + 6?
1
Suppose -g = 10 - 44. Let q = 263 - g. Suppose -3*r - r + 589 = 5*f, -q = -2*f + 5*r. What is the tens digit of f?
1
Let j(p) = p**3 - 6*p**2 - 7*p - 2. Let b be j(7). Let c be 1465/15 + (-3)/(-9) - b. Suppose 7*a = -3*a + c. What is the units digit of a?
0
Suppose -13750 = -2*k + 5*m - 8*m, -4*m = k - 6880. What is the thousands digit of k?
6
Let p = -83 - -319. Suppose 5*h - 71 - 141 = 2*k, -5*h + p = 4*k. What is the units digit of h?
4
Let q = -8264 - -8640. What is the tens digit of q?
7
Suppose 7366 = -c + 5*v + 19657, 0 = -3*v - 21. What is the units digit of c?
6
Let g be -20*(1 + 6/(-4)). Let i(c) = -2*c + 23. Let a be i(g). What is the units digit of (a/2)/(-1 + 327/318)?
3
Suppose -3*p = -12 - 3. Suppose x + 6 = -p*c + c, 0 = -5*x + c - 114. What is the units digit of 4/22 + 0 + (-1668)/x?
6
Suppose -5*q = 20, -4*q = -5*z + 31 + 15. Suppose -682 = -4*v - x + z*x, 8 = 4*x. What is the units digit of v?
3
Let o(d) = -5*d**3 + 26*d**2 - 3*d - 8. Let l be o(5). What is the hundreds digit of 5 - (305/l)/(24/(-144))?
9
Let m = 5803 + -3185. What is the tens digit of m?
1
Let v = -183 - -263. Let z = -38 + 53. What is the units digit of ((-117)/z)/((-8)/v)?
8
Suppose -2*y - 1060 = 4*c, -7*y = c - 6*y + 267. Let b(t) = 2*t**3 + 8*t**2 - 7*t - 2. Let m be b(5). Let l = m + c.